 + 5*w**2 - 2*w + 5. Let l = 473 + -468. Determine n(l).
-5
Suppose 0 = 3*n - s - 10, -14 - 4 = -3*n + 3*s. Suppose -4 = -n*b - 8. Let d(h) = -4*h. Determine d(b).
8
Let l(a) = 6*a**3 + 4*a**3 - 10*a**2 - 6 - 18*a**3 + 7*a**3. Let z be -9 + 2/6*-3. Determine l(z).
-6
Let g(d) = 0*d**2 + d**2 + 4 + 3*d**2 - d**3 + 2*d**2 - 5*d. Let p(r) be the first derivative of -r**2 - 13*r - 2. Let a be p(-9). Give g(a).
4
Let v(l) = 36*l - 8*l - 27*l. Calculate v(-5).
-5
Suppose 0 = -3*j + 7*j + 8. Let v = j - -5. Let f(c) = -2*c + 0*c**v - 2 - c**3 - 4*c**2 + 2*c**2. Determine f(-2).
2
Let t = -21 + 27. Suppose -t*s + 7*s + 8 = 0. Let l(c) = -c. Let h(z) = -3*z - 2. Let x(w) = h(w) - 4*l(w). Calculate x(s).
-10
Let o be (-1)/(-3) - (-64)/(-12). Let t be ((-12)/10 - -2)*o. Let f(a) be the first derivative of a**3/3 + a**2 - 2*a - 20. What is f(t)?
6
Let n(s) = -s**3 - 5*s**2 + s - 2. Let l(d) = 2*d**3 + 19*d**2 + 26*d + 11. Let r be l(-8). Calculate n(r).
-7
Let h(s) be the first derivative of -s**3/6 + 2*s**2 - 21*s + 23. Let u(v) be the first derivative of h(v). Calculate u(-5).
9
Let y(z) = -z**3 - 11*z**2 - 10*z + 1. Let q(k) = 21*k - 10. Let n be q(0). Give y(n).
1
Let j(u) = -4*u + 6. Let d(z) = 5*z - 7. Let y(q) = 5*d(q) + 6*j(q). Suppose -10 = -2*w, 5*w + 6 = 3*p + 16. Calculate y(p).
6
Let z(o) = -15*o + 1. Let j = -344 + 346. Calculate z(j).
-29
Let g(f) = f**3 - 2 - 3 + 13 - f - 7 + 6*f**2 - 9*f**2. Calculate g(3).
-2
Let i(q) = 1. Let l(o) = -8*o + 1. Let m(a) = -3*i(a) + l(a). Let p(t) = -9*t - 2. Let r(x) = -4*m(x) + 3*p(x). Give r(-4).
-18
Let c(f) = 4*f - 3. Let s(h) = -12*h + 12. Let k(b) = -10*c(b) - 3*s(b). Give k(-3).
6
Let g = 173 - 181. Let r(q) = -q**3 - 7*q**2 + 7*q + 1. Determine r(g).
9
Let y(n) = 11*n - 2. Let m be (-108)/72*(-7)/(42/20). Determine y(m).
53
Let u(y) = -y**2 + 12*y - 31. Let l be u(7). Suppose 4*j + l*v = -3 - 9, -3 = -v. Let x(f) = f**3 + 5*f**2 - 4*f - 7. What is x(j)?
-19
Let v be 5/(-2) - 94/(-188). Let j(m) = 8*m + 1. Give j(v).
-15
Suppose w + 3*w - 12 = 2*u, 10 = 2*w - 3*u. Suppose 4*h - 3*h - 2*r + 6 = 0, 6 = w*r. Let b(o) = 1 - 4 + 0*o + h*o + o. Calculate b(-5).
-8
Let r(m) = m**3 - 30*m**2 + 56*m + 9. Let f be r(28). Let q(o) = -7*o**2 + 10*o - 3. Let d(g) = -6*g**2 + 10*g - 4. Let n(p) = -6*d(p) + 5*q(p). Calculate n(f).
0
Let n(y) = 4*y + 17. Let i(x) = 11*x + 51. Let w(g) = 3*i(g) - 8*n(g). Determine w(-3).
14
Let g(c) = -c**2 - 5*c - 9. Suppose 7 = q + 4*h + 25, 5*h + 33 = -3*q. Determine g(q).
-15
Suppose -54 = -4*g + 30. Let a = g - 25. Let k(v) = v - 3. What is k(a)?
-7
Suppose -3*q + 2*q + 3 = 0. Let r(o) = -o + 4. Let j be r(q). Let i(b) = b + 1. Let t(g) = g. Let a(n) = i(n) - 2*t(n). Give a(j).
0
Let d(z) = 6 + z**2 + 6 - 9 - 2 + 7*z. Let v(x) = -x**2 + 8*x + 2. Let l be v(9). What is d(l)?
1
Let z(a) be the first derivative of -a**4/12 + a**2 - 2. Let p(l) be the second derivative of z(l). Let b be (-8)/12*(-9)/(-6). Calculate p(b).
2
Let d(s) = s - 5. Suppose -2*y = -4*h + 6, 3*h + 2*y - 9 = -y. Let c(b) = -h + 2*b - 3 - 5. Let a(t) = 2*c(t) - 5*d(t). What is a(4)?
1
Let w(a) = 5*a. Let g(b) = 0*b + 9*b - 23 + 8*b**2 - 7*b**2. Let t be g(-11). Calculate w(t).
-5
Let v(p) = 2*p**3 + 2*p**2 - p + 1. Let k be v(-2). Let o(l) be the first derivative of l**2/2 - 3*l - 269. What is o(k)?
-8
Let h(n) = -n**2 - 7*n - 6. Let t(i) = -i**3 + 3*i**2 + 4*i + 1. Let m be t(4). Let b be 42/(-6) + m + 2. Calculate h(b).
6
Let w be 1/(8/(-15) - 5/(-15)). Let k be (w/(-10)*-2)/((-2)/(-4)). Let y(h) = -h**2 - 2*h + 2. Determine y(k).
2
Let t(x) = -3*x**2 - 10 - 6 - 8*x + x**2 + 7 + 0*x**2. Give t(-4).
-9
Let k(n) = -n**3 + 2*n + 2. Let a be 4/(-2)*51/34. Determine k(a).
23
Let q(s) = s**3 - 2*s**2 + 2*s + 2. Let i be q(2). Let p(c) be the third derivative of -9*c**2 + 0 + 0*c + 1/3*c**3 + 1/24*c**4. What is p(i)?
8
Let d be ((-9)/15)/(1/(-5)). Let g(z) = 4*z**3 + 0*z**d - 3*z**3 - 2. What is g(0)?
-2
Suppose -4*i - 1 = -11*u + 16*u, -u = 5*i + 17. Let c(m) = -m**3 + 3*m**2 - 3*m + 4. Calculate c(u).
-5
Let b(n) be the third derivative of n**6/120 - 13*n**5/60 + n**4/24 + n**3/6 + 2*n**2 - 7*n. Give b(13).
14
Let f(r) = -r**3 + 8*r**2 + 12*r - 5. Let s(d) = d**3 + d**2 - d - 1. Let u(h) = -f(h) - 2*s(h). Let z(q) = -q**2 - 2*q + 6. Let j be z(-5). Give u(j).
16
Let i(o) = -o**2 + 3*o + 2. Let u = -5 + 9. Let s be (-22)/12 + u/(-24). Let p be 1*(-5 - (s + -1)). Calculate i(p).
-8
Let g = 6 - 1. Let i = 41 + -37. Let w = g - i. Let t(f) = -4*f**3 - 2*f + 1. What is t(w)?
-5
Let l(k) = -k**2 + 2*k + 4. Let i be (-24)/18*9/(-3). Suppose -i*x = -j + 3, -2*j + 9 = j + x. Calculate l(j).
1
Let o(t) = 5*t - 1. Let v be 16/(-88) - -15*28/132. Give o(v).
14
Let z = 4 + -6. Let g(n) = n**3 - n**2 + n. Let v be 0 - (-1 + 0)*10. Let i(h) = 4*h**3 - 2*h**2 + 4*h. Let p(l) = v*g(l) - 3*i(l). Give p(z).
4
Let v = 16 + -8. Let b = 10 - v. Suppose -b*j + 3*r - 5 = 4, 3*j = 5*r - 15. Let o(f) = -f + 6. What is o(j)?
6
Let i(v) = 5*v**2 + 5*v. Let o(l) = -l**2 - 1. Let b(a) = i(a) + 6*o(a). Determine b(4).
-2
Let t = -4897 + 17044. Let i(w) = w - t + 12147 + 15*w**2. Calculate i(-1).
14
Let m(p) = 2*p**2 + p + 1. Suppose 0*h + 9 = 2*h - 5*n, -12 = -4*n. Suppose h*g + 4 = 10*g. Determine m(g).
7
Let w(i) be the second derivative of -i**3/3 + 5*i**2/2 - 4*i + 145. Determine w(-9).
23
Let u(d) = d**3 + d**2 + d + 4. Let n(q) be the third derivative of q**6/120 - q**5/30 - q**4/8 + 14*q**2. Let j be n(3). Determine u(j).
4
Let u(l) = -2*l + 11. Let h be u(3). Let b(i) = i - i + 6*i - h*i - 2. Determine b(3).
1
Let v(f) be the first derivative of -f**4/6 + f**3/6 + f**2 + 9*f + 2. Let z(g) be the first derivative of v(g). Let j be z(-1). Let l(d) = -5*d. Give l(j).
5
Let o be (-1)/(-3) + (-34 - -27 - -7). Let d(h) be the first derivative of 1 + o*h**3 - 2*h**2 + 3*h. Calculate d(3).
0
Suppose 23*o - 22*o = 1. Let x(r) = 7*r. Determine x(o).
7
Suppose -3*p + 77 = 8*p. Let o(u) = -p + 5 + 6*u + 5. Suppose -2 = -5*g - 12. Give o(g).
-9
Let d(v) = 2*v**2 - 2*v + 1. Let x = -17 - -14. Let g(c) = -2*c**2 + 3*c - 1. Let q(p) = x*g(p) - 4*d(p). What is q(-1)?
-2
Let l(m) = -m + 0*m - 84*m**3 + 68*m**3 - 20*m**2 - 1 + 19*m**2. Let z = -8 + 7. Give l(z).
15
Suppose i = -2*l - 3*i + 2, 2*l = 2*i + 2. Let b(s) be the second derivative of -3*s**5/5 + s**3/3 - s**2/2 + 923*s. Calculate b(l).
-11
Let l(p) = -11*p. Let g be l(-2). Let n = -16 + g. Let u(j) = j**3 - 7*j**2 + 6*j - 9. Determine u(n).
-9
Let r(p) = -p**3 + 5*p + 4. Let x be (-15)/10 + 6/(-4). Determine r(x).
16
Let f(o) be the third derivative of -o**6/120 + o**5/15 - o**4/8 - o**3/2 - 2*o**2. Calculate f(3).
-3
Let f = -471 - -477. Let g(w) = 2*w - 8. What is g(f)?
4
Let o(t) = -5*t + 1. Suppose -5*l - 4*h - 2 = 0, 0 = -5*l - 2*h + 6 - 2. Suppose l*k + 4*q + 24 = 0, 0 = 3*k - k - 4*q - 16. What is o(k)?
11
Let t(m) = 5 + 4 - 2*m + 7 - 23 + 5*m. Let u(r) = -r**3 + r**2 + 5*r - 2. Let i be u(3). Give t(i).
-22
Let p(f) = 7*f**3 + 2*f**2 - 10*f + 5. Let k(i) = 13*i**3 + 4*i**2 - 17*i + 8. Let m(h) = -3*k(h) + 5*p(h). What is m(2)?
-37
Let r(a) = -a**2 - 4*a - 6 + 3*a + 8*a. Let n = 485 - 479. Determine r(n).
0
Let q(i) = -i**2 + 2*i + 17*i**3 + 8*i**3 + 11 - 23*i**3. Determine q(0).
11
Let f(s) = -9*s**2 - 9*s - s**3 + 4 + 0 - 9. What is f(-8)?
3
Let a be (-3)/((15/(-40))/(1/(-2))). Let v(h) = h**3 + 5*h**2 - 6*h - 3. Let t be v(-6). Let q be t + 1*a/4. Let o(l) = -l**2 - 3*l - 5. What is o(q)?
-9
Let a(u) = -2*u + 5. Let n = 1119 + -1113. Determine a(n).
-7
Let q(s) be the third derivative of s**6/120 + s**5/12 + s**4/8 - s**2. Suppose -120 - 48 = 56*n. Determine q(n).
9
Let q be 9 + -2 + -1 + -2. Suppose -q*a - 10 = 3*s, 3*s = a + 2*a + 18. Suppose 3*m - 20 = -3*n - n, -2 = -5*n + s*m. Let y(u) = u + 1. What is y(n)?
3
Let x(a) = a**2 - 8*a + 2. Suppose 0 = -5*i + 20. Determine x(i).
-14
Let z = 25 + -16. Suppose -z*g - 20 = -8*g. Let r be (-4)/g + 2/(-10). Let t(w) = w**3 + w**2 - 2. Give t(r).
-2
Let x be -5 + -15 - (2 - 0). Let j = -19 - x. Suppose m = -4*s - 11 - 9, 3*s + j*m = -24. Let d(r) = -r**3 - 3*r**2 + 5*r - 3. Calculate d(s).
-7
Let a(k) be the first derivative of -3 + 2*k + 2/3*k**3 + k**2. Determine a(-2).
6
Let g(h) = -h**3 + 2*h**2 + 6*h - 1. Let z = -52 - -55. What